{"id":37242,"date":"2022-04-01T10:58:21","date_gmt":"2022-04-01T08:58:21","guid":{"rendered":"https:\/\/yenco.it\/ordina-online\/?post_type=product&#038;p=37242"},"modified":"2025-07-18T13:00:59","modified_gmt":"2025-07-18T11:00:59","slug":"resina-tfdh-graphy-basi-protesiche-flessibile","status":"publish","type":"product","link":"https:\/\/yenco.it\/ordina-online\/negozio\/stampa-3d\/resina-tfdh-graphy-basi-protesiche-flessibile\/","title":{"rendered":"Resina TFDH per basi protesiche flessibili"},"content":{"rendered":"","protected":false},"excerpt":{"rendered":"<p>Tera Harz TFDH (Flexible Denture) \u00e8 un materiale sviluppato per basi protesiche flessibili.<\/p>\n<p>Compatibilit\u00e0<\/p>\n<p>Tera Harz TFDH \u00e8 compatibile con tutte le stampanti 3D a 405 nm.<\/p>\n<p>Colore: magenta. Confezione: 1 kg.<\/p>\n","protected":false},"featured_media":37206,"template":"","meta":{"_et_pb_use_builder":"","_et_pb_old_content":"","_et_gb_content_width":""},"product_brand":[],"product_cat":[406],"product_tag":[],"class_list":{"0":"post-37242","1":"product","2":"type-product","3":"status-publish","4":"has-post-thumbnail","6":"product_cat-stampa-3d","8":"first","9":"instock","10":"taxable","11":"shipping-taxable","12":"purchasable","13":"product-type-simple"},"yoast_head":"<!-- This site is optimized with the Yoast SEO plugin v27.2 - https:\/\/yoast.com\/product\/yoast-seo-wordpress\/ -->\n<title>Resina TFDH per basi protesiche flessibili - Ordina Online<\/title>\n<meta name=\"robots\" content=\"index, follow, max-snippet:-1, max-image-preview:large, max-video-preview:-1\" \/>\n<link rel=\"canonical\" href=\"https:\/\/yenco.it\/ordina-online\/negozio\/stampa-3d\/resina-tfdh-graphy-basi-protesiche-flessibile\/\" \/>\n<meta property=\"og:locale\" content=\"it_IT\" \/>\n<meta property=\"og:type\" content=\"article\" \/>\n<meta property=\"og:title\" content=\"Resina TFDH per basi protesiche flessibili - Ordina Online\" \/>\n<meta property=\"og:description\" content=\"Tera Harz TFDH (Flexible Denture) \u00e8 un materiale sviluppato per basi protesiche flessibili.  Compatibilit\u00e0  Tera Harz TFDH \u00e8 compatibile con tutte le stampanti 3D a 405 nm.  Colore: magenta. Confezione: 1 kg.\" \/>\n<meta property=\"og:url\" content=\"https:\/\/yenco.it\/ordina-online\/negozio\/stampa-3d\/resina-tfdh-graphy-basi-protesiche-flessibile\/\" \/>\n<meta property=\"og:site_name\" content=\"Ordina Online\" \/>\n<meta property=\"article:modified_time\" content=\"2025-07-18T11:00:59+00:00\" \/>\n<meta property=\"og:image\" content=\"https:\/\/yenco.it\/ordina-online\/wp-content\/uploads\/2021\/11\/resina-tfdh-basi-protesiche-flessibili.png\" \/>\n\t<meta property=\"og:image:width\" content=\"1080\" \/>\n\t<meta property=\"og:image:height\" content=\"1080\" \/>\n\t<meta property=\"og:image:type\" content=\"image\/png\" \/>\n<meta name=\"twitter:card\" content=\"summary_large_image\" \/>\n<script type=\"application\/ld+json\" class=\"yoast-schema-graph\">{\"@context\":\"https:\/\/schema.org\",\"@graph\":[{\"@type\":\"WebPage\",\"@id\":\"https:\/\/yenco.it\/ordina-online\/negozio\/stampa-3d\/resina-tfdh-graphy-basi-protesiche-flessibile\/\",\"url\":\"https:\/\/yenco.it\/ordina-online\/negozio\/stampa-3d\/resina-tfdh-graphy-basi-protesiche-flessibile\/\",\"name\":\"Resina TFDH per basi protesiche flessibili - Ordina Online\",\"isPartOf\":{\"@id\":\"https:\/\/yenco.it\/ordina-online\/#website\"},\"primaryImageOfPage\":{\"@id\":\"https:\/\/yenco.it\/ordina-online\/negozio\/stampa-3d\/resina-tfdh-graphy-basi-protesiche-flessibile\/#primaryimage\"},\"image\":{\"@id\":\"https:\/\/yenco.it\/ordina-online\/negozio\/stampa-3d\/resina-tfdh-graphy-basi-protesiche-flessibile\/#primaryimage\"},\"thumbnailUrl\":\"https:\/\/yenco.it\/ordina-online\/wp-content\/uploads\/2021\/11\/resina-tfdh-basi-protesiche-flessibili.png\",\"datePublished\":\"2022-04-01T08:58:21+00:00\",\"dateModified\":\"2025-07-18T11:00:59+00:00\",\"breadcrumb\":{\"@id\":\"https:\/\/yenco.it\/ordina-online\/negozio\/stampa-3d\/resina-tfdh-graphy-basi-protesiche-flessibile\/#breadcrumb\"},\"inLanguage\":\"it-IT\",\"potentialAction\":[{\"@type\":\"ReadAction\",\"target\":[\"https:\/\/yenco.it\/ordina-online\/negozio\/stampa-3d\/resina-tfdh-graphy-basi-protesiche-flessibile\/\"]}]},{\"@type\":\"ImageObject\",\"inLanguage\":\"it-IT\",\"@id\":\"https:\/\/yenco.it\/ordina-online\/negozio\/stampa-3d\/resina-tfdh-graphy-basi-protesiche-flessibile\/#primaryimage\",\"url\":\"https:\/\/yenco.it\/ordina-online\/wp-content\/uploads\/2021\/11\/resina-tfdh-basi-protesiche-flessibili.png\",\"contentUrl\":\"https:\/\/yenco.it\/ordina-online\/wp-content\/uploads\/2021\/11\/resina-tfdh-basi-protesiche-flessibili.png\",\"width\":1080,\"height\":1080},{\"@type\":\"BreadcrumbList\",\"@id\":\"https:\/\/yenco.it\/ordina-online\/negozio\/stampa-3d\/resina-tfdh-graphy-basi-protesiche-flessibile\/#breadcrumb\",\"itemListElement\":[{\"@type\":\"ListItem\",\"position\":1,\"name\":\"Home\",\"item\":\"https:\/\/yenco.it\/ordina-online\/\"},{\"@type\":\"ListItem\",\"position\":2,\"name\":\"Shop\",\"item\":\"https:\/\/yenco.it\/ordina-online\/\"},{\"@type\":\"ListItem\",\"position\":3,\"name\":\"Resina TFDH per basi protesiche flessibili\"}]},{\"@type\":\"WebSite\",\"@id\":\"https:\/\/yenco.it\/ordina-online\/#website\",\"url\":\"https:\/\/yenco.it\/ordina-online\/\",\"name\":\"Ordina Online\",\"description\":\"Ordina Online - Yen Co\",\"publisher\":{\"@id\":\"https:\/\/yenco.it\/ordina-online\/#organization\"},\"potentialAction\":[{\"@type\":\"SearchAction\",\"target\":{\"@type\":\"EntryPoint\",\"urlTemplate\":\"https:\/\/yenco.it\/ordina-online\/?s={search_term_string}\"},\"query-input\":{\"@type\":\"PropertyValueSpecification\",\"valueRequired\":true,\"valueName\":\"search_term_string\"}}],\"inLanguage\":\"it-IT\"},{\"@type\":\"Organization\",\"@id\":\"https:\/\/yenco.it\/ordina-online\/#organization\",\"name\":\"Ordina Online\",\"url\":\"https:\/\/yenco.it\/ordina-online\/\",\"logo\":{\"@type\":\"ImageObject\",\"inLanguage\":\"it-IT\",\"@id\":\"https:\/\/yenco.it\/ordina-online\/#\/schema\/logo\/image\/\",\"url\":\"https:\/\/yenco.it\/ordina-online\/wp-content\/uploads\/2021\/09\/yenco-la-natura-che-ci-ispira-ordini.png\",\"contentUrl\":\"https:\/\/yenco.it\/ordina-online\/wp-content\/uploads\/2021\/09\/yenco-la-natura-che-ci-ispira-ordini.png\",\"width\":1960,\"height\":459,\"caption\":\"Ordina Online\"},\"image\":{\"@id\":\"https:\/\/yenco.it\/ordina-online\/#\/schema\/logo\/image\/\"}}]}<\/script>\n<!-- \/ Yoast SEO plugin. -->","yoast_head_json":{"title":"Resina TFDH per basi protesiche flessibili - Ordina Online","robots":{"index":"index","follow":"follow","max-snippet":"max-snippet:-1","max-image-preview":"max-image-preview:large","max-video-preview":"max-video-preview:-1"},"canonical":"https:\/\/yenco.it\/ordina-online\/negozio\/stampa-3d\/resina-tfdh-graphy-basi-protesiche-flessibile\/","og_locale":"it_IT","og_type":"article","og_title":"Resina TFDH per basi protesiche flessibili - Ordina Online","og_description":"Tera Harz TFDH (Flexible Denture) \u00e8 un materiale sviluppato per basi protesiche flessibili.  Compatibilit\u00e0  Tera Harz TFDH \u00e8 compatibile con tutte le stampanti 3D a 405 nm.  Colore: magenta. Confezione: 1 kg.","og_url":"https:\/\/yenco.it\/ordina-online\/negozio\/stampa-3d\/resina-tfdh-graphy-basi-protesiche-flessibile\/","og_site_name":"Ordina Online","article_modified_time":"2025-07-18T11:00:59+00:00","og_image":[{"width":1080,"height":1080,"url":"https:\/\/yenco.it\/ordina-online\/wp-content\/uploads\/2021\/11\/resina-tfdh-basi-protesiche-flessibili.png","type":"image\/png"}],"twitter_card":"summary_large_image","schema":{"@context":"https:\/\/schema.org","@graph":[{"@type":"WebPage","@id":"https:\/\/yenco.it\/ordina-online\/negozio\/stampa-3d\/resina-tfdh-graphy-basi-protesiche-flessibile\/","url":"https:\/\/yenco.it\/ordina-online\/negozio\/stampa-3d\/resina-tfdh-graphy-basi-protesiche-flessibile\/","name":"Resina TFDH per basi protesiche flessibili - Ordina Online","isPartOf":{"@id":"https:\/\/yenco.it\/ordina-online\/#website"},"primaryImageOfPage":{"@id":"https:\/\/yenco.it\/ordina-online\/negozio\/stampa-3d\/resina-tfdh-graphy-basi-protesiche-flessibile\/#primaryimage"},"image":{"@id":"https:\/\/yenco.it\/ordina-online\/negozio\/stampa-3d\/resina-tfdh-graphy-basi-protesiche-flessibile\/#primaryimage"},"thumbnailUrl":"https:\/\/yenco.it\/ordina-online\/wp-content\/uploads\/2021\/11\/resina-tfdh-basi-protesiche-flessibili.png","datePublished":"2022-04-01T08:58:21+00:00","dateModified":"2025-07-18T11:00:59+00:00","breadcrumb":{"@id":"https:\/\/yenco.it\/ordina-online\/negozio\/stampa-3d\/resina-tfdh-graphy-basi-protesiche-flessibile\/#breadcrumb"},"inLanguage":"it-IT","potentialAction":[{"@type":"ReadAction","target":["https:\/\/yenco.it\/ordina-online\/negozio\/stampa-3d\/resina-tfdh-graphy-basi-protesiche-flessibile\/"]}]},{"@type":"ImageObject","inLanguage":"it-IT","@id":"https:\/\/yenco.it\/ordina-online\/negozio\/stampa-3d\/resina-tfdh-graphy-basi-protesiche-flessibile\/#primaryimage","url":"https:\/\/yenco.it\/ordina-online\/wp-content\/uploads\/2021\/11\/resina-tfdh-basi-protesiche-flessibili.png","contentUrl":"https:\/\/yenco.it\/ordina-online\/wp-content\/uploads\/2021\/11\/resina-tfdh-basi-protesiche-flessibili.png","width":1080,"height":1080},{"@type":"BreadcrumbList","@id":"https:\/\/yenco.it\/ordina-online\/negozio\/stampa-3d\/resina-tfdh-graphy-basi-protesiche-flessibile\/#breadcrumb","itemListElement":[{"@type":"ListItem","position":1,"name":"Home","item":"https:\/\/yenco.it\/ordina-online\/"},{"@type":"ListItem","position":2,"name":"Shop","item":"https:\/\/yenco.it\/ordina-online\/"},{"@type":"ListItem","position":3,"name":"Resina TFDH per basi protesiche flessibili"}]},{"@type":"WebSite","@id":"https:\/\/yenco.it\/ordina-online\/#website","url":"https:\/\/yenco.it\/ordina-online\/","name":"Ordina Online","description":"Ordina Online - Yen Co","publisher":{"@id":"https:\/\/yenco.it\/ordina-online\/#organization"},"potentialAction":[{"@type":"SearchAction","target":{"@type":"EntryPoint","urlTemplate":"https:\/\/yenco.it\/ordina-online\/?s={search_term_string}"},"query-input":{"@type":"PropertyValueSpecification","valueRequired":true,"valueName":"search_term_string"}}],"inLanguage":"it-IT"},{"@type":"Organization","@id":"https:\/\/yenco.it\/ordina-online\/#organization","name":"Ordina Online","url":"https:\/\/yenco.it\/ordina-online\/","logo":{"@type":"ImageObject","inLanguage":"it-IT","@id":"https:\/\/yenco.it\/ordina-online\/#\/schema\/logo\/image\/","url":"https:\/\/yenco.it\/ordina-online\/wp-content\/uploads\/2021\/09\/yenco-la-natura-che-ci-ispira-ordini.png","contentUrl":"https:\/\/yenco.it\/ordina-online\/wp-content\/uploads\/2021\/09\/yenco-la-natura-che-ci-ispira-ordini.png","width":1960,"height":459,"caption":"Ordina Online"},"image":{"@id":"https:\/\/yenco.it\/ordina-online\/#\/schema\/logo\/image\/"}}]}},"_links":{"self":[{"href":"https:\/\/yenco.it\/ordina-online\/wp-json\/wp\/v2\/product\/37242","targetHints":{"allow":["GET"]}}],"collection":[{"href":"https:\/\/yenco.it\/ordina-online\/wp-json\/wp\/v2\/product"}],"about":[{"href":"https:\/\/yenco.it\/ordina-online\/wp-json\/wp\/v2\/types\/product"}],"wp:featuredmedia":[{"embeddable":true,"href":"https:\/\/yenco.it\/ordina-online\/wp-json\/wp\/v2\/media\/37206"}],"wp:attachment":[{"href":"https:\/\/yenco.it\/ordina-online\/wp-json\/wp\/v2\/media?parent=37242"}],"wp:term":[{"taxonomy":"product_brand","embeddable":true,"href":"https:\/\/yenco.it\/ordina-online\/wp-json\/wp\/v2\/product_brand?post=37242"},{"taxonomy":"product_cat","embeddable":true,"href":"https:\/\/yenco.it\/ordina-online\/wp-json\/wp\/v2\/product_cat?post=37242"},{"taxonomy":"product_tag","embeddable":true,"href":"https:\/\/yenco.it\/ordina-online\/wp-json\/wp\/v2\/product_tag?post=37242"}],"curies":[{"name":"wp","href":"https:\/\/api.w.org\/{rel}","templated":true}]}}